Let q(y) = y**3 - 13*y**2 - 13*y + 18. What is the tens digit of q(14)?
3
Let h = -139 - -219. What is the units digit of h?
0
Suppose -4 = -4*i + 24. What is the units digit of (i - 3)/((-2)/(-6))?
2
Suppose -5*v + 3*r + 96 = 0, 0*v - 30 = -2*v - 3*r. What is the tens digit of v?
1
What is the units digit of (402/(-12))/((-2)/4)?
7
Suppose -3*f = 2*f - 15. Suppose 0 = -0*i - f*i - 12. Let x(y) = y + 6. What is the units digit of x(i)?
2
Suppose 0 = -5*g + 4 + 1. Let i = 2 - g. What is the units digit of i?
1
Suppose 0 = -3*o - o - 5*a + 210, 2*a = 5*o - 246. What is the units digit of o?
0
Let j be (0 + 8)/(2 - 0). Suppose 0 = 4*y - 0 - j. What is the units digit of y?
1
Let n = -47 + 75. Let g = n - 17. What is the tens digit of g?
1
Let g(w) be the second derivative of w**3/3 + w. Let x = 47 + -43. What is the units digit of g(x)?
8
Let f(y) = 2*y + 6. Let a be f(3). Suppose -b + 1 = -d, -2*d = 3*b + 2*b - a. What is the units digit of d?
1
Let u = 701 + -441. What is the units digit of u?
0
Suppose 2*q = 4*y - 10, -4*y + q + 11 = -0*q. Suppose y = 3*l - 3, -4*l + 17 = 3*f. Suppose -t - f*t = -68. What is the units digit of t?
7
Suppose 0 = f + 3*f. What is the units digit of 1/1 + f/2?
1
What is the tens digit of (4/20)/(1/1165)?
3
Let n(q) = 6*q - 30. Let j(g) = 3*g - 1. Let b be j(4). Let k(s) = s - 6. Let i(f) = b*k(f) - 2*n(f). What is the units digit of i(-7)?
1
Let u = 7 - -7. Suppose 2*m - 4*o = u, -49 = -5*m + 2*o + o. What is the units digit of m?
1
Let o = -138 - -231. Suppose -o = -3*u + 3*q, 3*u = 5*u - 5*q - 74. What is the tens digit of u?
2
Suppose 2*c + 4*z - 8 = 0, -3*z - 10 = -c - 2*z. What is the units digit of c?
8
Let g(b) = -b**3 - b**2 + 3*b - 1. Let v be g(-5). Suppose -v = -3*j - 0*j. What is the tens digit of j?
2
Suppose 10 = -5*l + x, 5*x + 24 = -l - 4. Let m be (1/2)/(l/(-162)). Suppose 3*f = 4*k + m, 3*f + 8*k = 5*k + 48. What is the units digit of f?
3
Let u be (-4)/6*(2 - 5). Let b be (4 - 5)*(1 - u). Let c(x) = 9*x + 1. What is the units digit of c(b)?
0
Let t be 3*1*(-1 - -2). Let i be (12/(-2))/t - -5. Let p = i + 0. What is the units digit of p?
3
What is the tens digit of (156/20)/(1/5)?
3
Let n(h) = -h**3 - 8*h**2 - 7*h + 5. Let w be n(-7). Suppose w*f - 25 = -5. What is the units digit of f?
4
Let f = 73 + -26. What is the tens digit of f?
4
Suppose 0 = -14*y - 488 + 2056. What is the units digit of y?
2
Suppose -4*r + k + 66 = -13, -5*k + 61 = 4*r. Suppose -5*v + r = -3*n, -v - 11 = 2*n - 4*v. What is the units digit of n?
2
Let c(t) = t**3 + t + 1. Let j be c(-1). Let m be j + 0 + 33 + 1. Suppose 3*b + 3*s = -12 + m, 5*s = -b + 15. What is the units digit of b?
5
Suppose 5*l - 4*j + 26 = 258, 182 = 4*l - 2*j. What is the tens digit of l?
4
Let c be (-17)/(-4) - 1/4. Suppose -t = -2*s - 15, -c*t + 19 + 30 = 3*s. What is the units digit of t?
3
Let t be (-2)/(-7) - 120/(-21). Let x(m) be the second derivative of -m**4/12 + 7*m**3/6 + 4*m**2 - 2*m. What is the tens digit of x(t)?
1
Let w(y) be the first derivative of y**4 - y**2 + y + 2. Let f be w(1). Suppose -4*r - r + f*t + 20 = 0, r - t = 6. What is the units digit of r?
1
Let t = 33 + -22. What is the tens digit of t?
1
Let y(b) = 3*b**2 + b - 2. Let d(i) = -i + 1. Let n(v) = 2*d(v) + y(v). Let c be n(2). What is the units digit of (-2 - -1)/1 + c?
9
Suppose v - 149 = -4. What is the tens digit of v?
4
Suppose -2*j - j = -57. What is the units digit of j?
9
Suppose -194 + 55 = -3*q + 4*u, 2*q - 86 = -4*u. What is the units digit of q?
5
Let p = 7 + -11. Suppose 4*v + 0*v - 60 = 0. Let f = v + p. What is the units digit of f?
1
Suppose -63 - 6 = -3*j. Let p = j + -14. What is the units digit of p?
9
What is the units digit of (532/(-7))/(-1 + -1)?
8
Let h be (-1)/1 - 6/(-2). Suppose 0 = h*u + 3*u - 210. What is the tens digit of u?
4
Let n(f) = -f - 2. Let m be n(-3). What is the units digit of 156/4 - (m - 1)?
9
What is the units digit of (-25)/(-2)*(-24)/(-10)?
0
Let p(b) = -b**2 + b - 3. Let z be p(0). Let f be -1 - ((-10 - z) + 0). What is the tens digit of (0 - f)/(4/(-10))?
1
Suppose -8*y = -3*y - 385. What is the units digit of y?
7
Suppose 2*y - 4*i = 4, 6*y + 2*i = y + 34. Let j = 8 - -7. Suppose -y = u - j. What is the units digit of u?
9
Suppose 0*g - 4 = -2*g. Suppose -d = -2 - g. Suppose 9 = d*f - f. What is the units digit of f?
3
Let q(a) = -a**3 - 10*a**2 - 9*a + 7. Let f be q(-9). Let s(r) = r - 4. Let h be s(f). Suppose -h*n + n + 2 = 0. What is the units digit of n?
1
Suppose 5*p = 3*r + 48, r = 3*p - 19 + 7. Let b = r + 45. What is the units digit of b?
4
Let k be (-10)/(-4) - 3/2. Let t = k - -1. What is the units digit of t?
2
Suppose -5*d + 5 = 0, -5 = -3*u - 5*d - 0*d. Let o be (2 + u - 1) + 2. Suppose 0 = 3*n + 5*m - 0*m - 19, 2*n = o*m + 19. What is the units digit of n?
8
Let q(n) = -2*n + 8. Let f be q(8). Let g be 6*1/f*-40. What is the units digit of (-3)/(-3 - (-81)/g)?
0
What is the units digit of ((-42)/(-5))/(((-18)/15)/(-3))?
1
Suppose 0*y = -2*y + 30. Let k = y - 11. Let r(l) = l**3 - 4*l**2 + 2*l - 1. What is the units digit of r(k)?
7
Let i(b) = -b + 10. Let o be i(7). Suppose o = -p + 2*p. Suppose -9 = p*l - 4*l. What is the units digit of l?
9
Let g be 2 - (-9 - 1 - -2). Let b = g - -11. What is the units digit of b?
1
Let l = -3 - 5. Let v = l - -17. What is the units digit of v?
9
What is the units digit of ((-3)/4)/(13/(-2496))?
4
What is the units digit of 33 + -1 - (-54)/(-18)?
9
Suppose -y = 5*g + 4*y + 50, -4 = y. What is the units digit of 51/2 - g/(-12)?
5
Let x = -30 + 52. Suppose -n - 3 - 2 = 5*g, 0 = 4*n - 3*g - 26. What is the units digit of x/4 - n/(-10)?
6
Let n(u) = -u**2 - 12*u - 12. What is the units digit of n(-7)?
3
Suppose 12 = 2*f + 6. Suppose -4*h + f*w + 3 - 2 = 0, -5*h = -4*w - 1. What is the units digit of h?
1
Let b = 8 - 8. Suppose -20 = -b*y - 5*y. What is the units digit of y?
4
Suppose 3*m - 12 = -m. Suppose -18 = -m*w - 9. What is the units digit of w?
3
Let m be 3 + -6 + 1 - 6. Let q be (m/(-24))/(1/24). Let c(h) = -h**3 + 8*h**2 + 2*h - 4. What is the tens digit of c(q)?
1
Let g(r) = r**2 - 2*r - 5. Let f be g(4). Let k be f/((-9)/1)*-3. What is the units digit of 2 + (-2*k - -6)?
6
What is the units digit of 12/(-54) + 1275/27?
7
Let x be (-2)/(-4) - (-1)/(-2). Suppose -2*j + 23 + 1 = x. What is the tens digit of j?
1
Suppose -3*x - 116 = 16. Let m = 66 + x. Suppose -4*u + 0*u + 5*b = -28, 3*u = 4*b + m. What is the units digit of u?
2
Suppose -72 - 8 = -4*c. What is the tens digit of c?
2
Suppose 0 = 9*h - 84 - 24. What is the units digit of h?
2
Let k = 53 - 26. What is the units digit of k?
7
Let t(l) = -l**3 - 4*l**2 + 1. What is the units digit of t(-5)?
6
Let q(b) = b - 10. Let f be q(11). Let c = 23 - f. What is the units digit of c?
2
Let b = -333 - -537. What is the tens digit of b?
0
Let f = -35 - -49. What is the tens digit of f?
1
Suppose -4*b + 0*b + d + 9 = 0, -3*b = -4*d - 10. What is the units digit of b?
2
Suppose 105 = 3*r + 2*g, r + r - 68 = -2*g. Let w = r + -23. What is the tens digit of w?
1
Let k = 41 - -32. What is the tens digit of k?
7
Let d(l) be the second derivative of -l**5/20 - 7*l**4/12 - l**3 + 7*l**2/2 + 3*l. What is the units digit of d(-6)?
7
Let a = 23 + 9. What is the tens digit of a?
3
Suppose -2114 = 6*s - 20*s. What is the tens digit of s?
5
Let t be (-2 - -1 - 0)*0. Suppose t*g + g = 4. Let u = 6 + g. What is the tens digit of u?
1
Let s(b) = -6*b**2 + 2*b**2 + 6*b + 3*b**2 + 0*b**2 + 2. What is the units digit of s(6)?
2
Let h be (-22)/55 + 123/(-5). Let p = -10 - h. What is the tens digit of p?
1
Let n = 5 - -28. What is the tens digit of n?
3
Suppose -4*s = -5*s + 3. Suppose s*c = -c + 16. What is the units digit of c?
4
Let w(n) = 4*n**2 + n + 1. Let h be -1 + (-1)/2*0. Let q be w(h). Suppose -2 = -3*l + q. What is the units digit of l?
2
Let m(n) = 7*n - 1. Let s be m(-4). Let i = -17 - s. What is the units digit of i?
2
Let u(r) = 3*r**2 + 31*r - 15. What is the units digit of u(-11)?
7
Suppose -2*a + 68 = -0*a. Suppose z + 9 = a. What is the tens digit of z?
2
Let j be -10 - (-1 - 1)*1. Let t be (11 + 0)*-1*j. Suppose 2*o + y = 27, 3*o + 35 = -4*y + t. What is the units digit of o?
1
Suppose 3*p = g - 15, -g + 2*p + 10 = 